{"id":5882,"date":"2024-03-12T13:33:19","date_gmt":"2024-03-12T20:33:19","guid":{"rendered":"https:\/\/foodconnectorproduction.com\/pizza2024\/?page_id=5882"},"modified":"2024-03-13T09:29:08","modified_gmt":"2024-03-13T16:29:08","slug":"2023-winners","status":"publish","type":"page","link":"https:\/\/realcaliforniamilkfoodservice.com\/pizza-contest\/2023-winners\/","title":{"rendered":"2023 Winners"},"content":{"rendered":"\t\t<div data-elementor-type=\"wp-page\" data-elementor-id=\"5882\" class=\"elementor elementor-5882\" data-elementor-post-type=\"page\">\n\t\t\t\t\t\t<section class=\"elementor-section elementor-top-section elementor-element elementor-element-538fdf5 elementor-section-height-min-height elementor-section-items-top elementor-section-full_width elementor-section-stretched elementor-section-height-default\" data-id=\"538fdf5\" data-element_type=\"section\" data-e-type=\"section\" data-settings=\"{&quot;stretch_section&quot;:&quot;section-stretched&quot;,&quot;background_background&quot;:&quot;classic&quot;}\">\n\t\t\t\t\t\t\t<div class=\"elementor-background-overlay\"><\/div>\n\t\t\t\t\t\t\t<div class=\"elementor-container elementor-column-gap-default\">\n\t\t\t\t\t<div class=\"elementor-column elementor-col-100 elementor-top-column elementor-element elementor-element-e77924a\" data-id=\"e77924a\" data-element_type=\"column\" data-e-type=\"column\">\n\t\t\t<div class=\"elementor-widget-wrap\">\n\t\t\t\t\t\t\t<\/div>\n\t\t<\/div>\n\t\t\t\t\t<\/div>\n\t\t<\/section>\n\t\t\t\t<section class=\"elementor-section elementor-top-section elementor-element elementor-element-a763e3f elementor-section-height-min-height elementor-section-items-top elementor-section-content-top elementor-section-stretched elementor-section-boxed elementor-section-height-default\" data-id=\"a763e3f\" data-element_type=\"section\" data-e-type=\"section\" data-settings=\"{&quot;stretch_section&quot;:&quot;section-stretched&quot;}\">\n\t\t\t\t\t\t<div class=\"elementor-container elementor-column-gap-default\">\n\t\t\t\t\t<div class=\"elementor-column elementor-col-100 elementor-top-column elementor-element elementor-element-2d5e4a2\" data-id=\"2d5e4a2\" data-element_type=\"column\" data-e-type=\"column\">\n\t\t\t<div class=\"elementor-widget-wrap elementor-element-populated\">\n\t\t\t\t\t\t<div class=\"elementor-element elementor-element-b42c7c7 elementor-widget elementor-widget-heading\" data-id=\"b42c7c7\" data-element_type=\"widget\" data-e-type=\"widget\" data-widget_type=\"heading.default\">\n\t\t\t\t<div class=\"elementor-widget-container\">\n\t\t\t\t\t<h1 class=\"elementor-heading-title elementor-size-default\">CHEF BILL CRAWFORD WINS GRAND PRIZE FOR INNOVATIVE USE OF REAL CALIFORNIA CHEESES IN 5TH ANNUAL REAL CALIFORNIA PIZZA CONTEST<\/h1>\t\t\t\t<\/div>\n\t\t\t\t<\/div>\n\t\t\t\t<div class=\"elementor-element elementor-element-6096ebf elementor-widget elementor-widget-image\" data-id=\"6096ebf\" data-element_type=\"widget\" data-e-type=\"widget\" data-widget_type=\"image.default\">\n\t\t\t\t<div class=\"elementor-widget-container\">\n\t\t\t\t\t\t\t\t\t\t\t\t\t\t\t<img loading=\"lazy\" decoding=\"async\" width=\"900\" height=\"600\" src=\"https:\/\/realcaliforniamilkfoodservice.com\/pizza-contest\/wp-content\/uploads\/Pizza-NV-107.jpg\" class=\"attachment-full size-full wp-image-5909\" alt=\"Pizza Nv\" srcset=\"https:\/\/realcaliforniamilkfoodservice.com\/pizza-contest\/wp-content\/uploads\/Pizza-NV-107.jpg 900w, https:\/\/realcaliforniamilkfoodservice.com\/pizza-contest\/wp-content\/uploads\/Pizza-NV-107-550x367.jpg 550w, https:\/\/realcaliforniamilkfoodservice.com\/pizza-contest\/wp-content\/uploads\/Pizza-NV-107-360x240.jpg 360w\" sizes=\"auto, (max-width: 900px) 100vw, 900px\" \/>\t\t\t\t\t\t\t\t\t\t\t\t\t\t\t<\/div>\n\t\t\t\t<\/div>\n\t\t\t\t\t<\/div>\n\t\t<\/div>\n\t\t\t\t\t<\/div>\n\t\t<\/section>\n\t\t\t\t<section class=\"elementor-section elementor-top-section elementor-element elementor-element-9bdf93c elementor-section-content-top elementor-section-stretched elementor-section-boxed elementor-section-height-default elementor-section-height-default\" data-id=\"9bdf93c\" data-element_type=\"section\" data-e-type=\"section\" data-settings=\"{&quot;stretch_section&quot;:&quot;section-stretched&quot;}\">\n\t\t\t\t\t\t<div class=\"elementor-container elementor-column-gap-wider\">\n\t\t\t\t\t<div class=\"elementor-column elementor-col-50 elementor-top-column elementor-element elementor-element-fb8ddcf\" data-id=\"fb8ddcf\" data-element_type=\"column\" data-e-type=\"column\">\n\t\t\t<div class=\"elementor-widget-wrap elementor-element-populated\">\n\t\t\t\t\t\t<div class=\"elementor-element elementor-element-40f7c64 elementor-widget elementor-widget-heading\" data-id=\"40f7c64\" data-element_type=\"widget\" data-e-type=\"widget\" data-widget_type=\"heading.default\">\n\t\t\t\t<div class=\"elementor-widget-container\">\n\t\t\t\t\t<h2 class=\"elementor-heading-title elementor-size-default\">2023 Winning Recipes<\/h2>\t\t\t\t<\/div>\n\t\t\t\t<\/div>\n\t\t\t\t<div class=\"elementor-element elementor-element-cc4a1ce elementor-widget elementor-widget-toggle\" data-id=\"cc4a1ce\" data-element_type=\"widget\" data-e-type=\"widget\" data-widget_type=\"toggle.default\">\n\t\t\t\t<div class=\"elementor-widget-container\">\n\t\t\t\t\t\t\t<div class=\"elementor-toggle\">\n\t\t\t\t\t\t\t<div class=\"elementor-toggle-item\">\n\t\t\t\t\t<div id=\"elementor-tab-title-2141\" class=\"elementor-tab-title\" data-tab=\"1\" role=\"button\" aria-controls=\"elementor-tab-content-2141\" aria-expanded=\"false\">\n\t\t\t\t\t\t\t\t\t\t\t\t<span class=\"elementor-toggle-icon elementor-toggle-icon-left\" aria-hidden=\"true\">\n\t\t\t\t\t\t\t\t\t\t\t\t\t\t\t<span class=\"elementor-toggle-icon-closed\"><svg class=\"e-font-icon-svg e-fas-caret-right\" viewBox=\"0 0 192 512\" xmlns=\"http:\/\/www.w3.org\/2000\/svg\"><path d=\"M0 384.662V127.338c0-17.818 21.543-26.741 34.142-14.142l128.662 128.662c7.81 7.81 7.81 20.474 0 28.284L34.142 398.804C21.543 411.404 0 402.48 0 384.662z\"><\/path><\/svg><\/span>\n\t\t\t\t\t\t\t\t<span class=\"elementor-toggle-icon-opened\"><svg class=\"elementor-toggle-icon-opened e-font-icon-svg e-fas-caret-up\" viewBox=\"0 0 320 512\" xmlns=\"http:\/\/www.w3.org\/2000\/svg\"><path d=\"M288.662 352H31.338c-17.818 0-26.741-21.543-14.142-34.142l128.662-128.662c7.81-7.81 20.474-7.81 28.284 0l128.662 128.662c12.6 12.599 3.676 34.142-14.142 34.142z\"><\/path><\/svg><\/span>\n\t\t\t\t\t\t\t\t\t\t\t\t\t<\/span>\n\t\t\t\t\t\t\t\t\t\t\t\t<a class=\"elementor-toggle-title\" tabindex=\"0\">Cal-Mex and Grand Prize Winner<\/a>\n\t\t\t\t\t<\/div>\n\n\t\t\t\t\t<div id=\"elementor-tab-content-2141\" class=\"elementor-tab-content elementor-clearfix\" data-tab=\"1\" role=\"region\" aria-labelledby=\"elementor-tab-title-2141\"><p>Pizza Name: El Pollo Borracho<\/p><p>Chef: Bill Crawford<\/p><p><a href=\"https:\/\/realcaliforniamilkfoodservice.com\/pizza-contest\/2023-recipe-flipbook\/\" target=\"_blank\" rel=\"noopener\">CLICK HERE FOR RECIPE<\/a><\/p><\/div>\n\t\t\t\t<\/div>\n\t\t\t\t\t\t\t<div class=\"elementor-toggle-item\">\n\t\t\t\t\t<div id=\"elementor-tab-title-2142\" class=\"elementor-tab-title\" data-tab=\"2\" role=\"button\" aria-controls=\"elementor-tab-content-2142\" aria-expanded=\"false\">\n\t\t\t\t\t\t\t\t\t\t\t\t<span class=\"elementor-toggle-icon elementor-toggle-icon-left\" aria-hidden=\"true\">\n\t\t\t\t\t\t\t\t\t\t\t\t\t\t\t<span class=\"elementor-toggle-icon-closed\"><svg class=\"e-font-icon-svg e-fas-caret-right\" viewBox=\"0 0 192 512\" xmlns=\"http:\/\/www.w3.org\/2000\/svg\"><path d=\"M0 384.662V127.338c0-17.818 21.543-26.741 34.142-14.142l128.662 128.662c7.81 7.81 7.81 20.474 0 28.284L34.142 398.804C21.543 411.404 0 402.48 0 384.662z\"><\/path><\/svg><\/span>\n\t\t\t\t\t\t\t\t<span class=\"elementor-toggle-icon-opened\"><svg class=\"elementor-toggle-icon-opened e-font-icon-svg e-fas-caret-up\" viewBox=\"0 0 320 512\" xmlns=\"http:\/\/www.w3.org\/2000\/svg\"><path d=\"M288.662 352H31.338c-17.818 0-26.741-21.543-14.142-34.142l128.662-128.662c7.81-7.81 20.474-7.81 28.284 0l128.662 128.662c12.6 12.599 3.676 34.142-14.142 34.142z\"><\/path><\/svg><\/span>\n\t\t\t\t\t\t\t\t\t\t\t\t\t<\/span>\n\t\t\t\t\t\t\t\t\t\t\t\t<a class=\"elementor-toggle-title\" tabindex=\"0\">Plant-Forward<\/a>\n\t\t\t\t\t<\/div>\n\n\t\t\t\t\t<div id=\"elementor-tab-content-2142\" class=\"elementor-tab-content elementor-clearfix\" data-tab=\"2\" role=\"region\" aria-labelledby=\"elementor-tab-title-2142\"><p>Pizza Name: Sunset in Sonoma<\/p><p>Chef: Giovanni Labbate<\/p><p><a href=\"https:\/\/realcaliforniamilkfoodservice.com\/pizza-contest\/2023-recipe-flipbook\/\" target=\"_blank\" rel=\"noopener\">CLICK HERE FOR RECIPE<\/a><\/p><\/div>\n\t\t\t\t<\/div>\n\t\t\t\t\t\t\t<div class=\"elementor-toggle-item\">\n\t\t\t\t\t<div id=\"elementor-tab-title-2143\" class=\"elementor-tab-title\" data-tab=\"3\" role=\"button\" aria-controls=\"elementor-tab-content-2143\" aria-expanded=\"false\">\n\t\t\t\t\t\t\t\t\t\t\t\t<span class=\"elementor-toggle-icon elementor-toggle-icon-left\" aria-hidden=\"true\">\n\t\t\t\t\t\t\t\t\t\t\t\t\t\t\t<span class=\"elementor-toggle-icon-closed\"><svg class=\"e-font-icon-svg e-fas-caret-right\" viewBox=\"0 0 192 512\" xmlns=\"http:\/\/www.w3.org\/2000\/svg\"><path d=\"M0 384.662V127.338c0-17.818 21.543-26.741 34.142-14.142l128.662 128.662c7.81 7.81 7.81 20.474 0 28.284L34.142 398.804C21.543 411.404 0 402.48 0 384.662z\"><\/path><\/svg><\/span>\n\t\t\t\t\t\t\t\t<span class=\"elementor-toggle-icon-opened\"><svg class=\"elementor-toggle-icon-opened e-font-icon-svg e-fas-caret-up\" viewBox=\"0 0 320 512\" xmlns=\"http:\/\/www.w3.org\/2000\/svg\"><path d=\"M288.662 352H31.338c-17.818 0-26.741-21.543-14.142-34.142l128.662-128.662c7.81-7.81 20.474-7.81 28.284 0l128.662 128.662c12.6 12.599 3.676 34.142-14.142 34.142z\"><\/path><\/svg><\/span>\n\t\t\t\t\t\t\t\t\t\t\t\t\t<\/span>\n\t\t\t\t\t\t\t\t\t\t\t\t<a class=\"elementor-toggle-title\" tabindex=\"0\">The Real Californian<\/a>\n\t\t\t\t\t<\/div>\n\n\t\t\t\t\t<div id=\"elementor-tab-content-2143\" class=\"elementor-tab-content elementor-clearfix\" data-tab=\"3\" role=\"region\" aria-labelledby=\"elementor-tab-title-2143\"><p>Pizza Name: Cali King<\/p><p>Chef: Vincent Sbarro<\/p><p><a href=\"https:\/\/realcaliforniamilkfoodservice.com\/pizza-contest\/2023-recipe-flipbook\/\" target=\"_blank\" rel=\"noopener\">CLICK HERE FOR RECIPE<\/a><\/p><\/div>\n\t\t\t\t<\/div>\n\t\t\t\t\t\t\t\t<\/div>\n\t\t\t\t\t\t<\/div>\n\t\t\t\t<\/div>\n\t\t\t\t\t<\/div>\n\t\t<\/div>\n\t\t\t\t<div class=\"elementor-column elementor-col-50 elementor-top-column elementor-element elementor-element-731e331\" data-id=\"731e331\" data-element_type=\"column\" data-e-type=\"column\">\n\t\t\t<div class=\"elementor-widget-wrap elementor-element-populated\">\n\t\t\t\t\t\t<div class=\"elementor-element elementor-element-ce2a011 elementor-widget elementor-widget-video\" data-id=\"ce2a011\" data-element_type=\"widget\" data-e-type=\"widget\" data-settings=\"{&quot;youtube_url&quot;:&quot;https:\\\/\\\/www.youtube.com\\\/watch?v=vmK_uf7as9s&quot;,&quot;show_image_overlay&quot;:&quot;yes&quot;,&quot;image_overlay&quot;:{&quot;url&quot;:&quot;&quot;,&quot;id&quot;:&quot;&quot;,&quot;size&quot;:&quot;&quot;},&quot;video_type&quot;:&quot;youtube&quot;,&quot;controls&quot;:&quot;yes&quot;}\" data-widget_type=\"video.default\">\n\t\t\t\t<div class=\"elementor-widget-container\">\n\t\t\t\t\t\t\t<div class=\"elementor-wrapper elementor-open-inline\">\n\t\t\t<div class=\"elementor-video\"><\/div>\t\t<\/div>\n\t\t\t\t\t\t<\/div>\n\t\t\t\t<\/div>\n\t\t\t\t\t<\/div>\n\t\t<\/div>\n\t\t\t\t\t<\/div>\n\t\t<\/section>\n\t\t\t\t<section class=\"elementor-section elementor-top-section elementor-element elementor-element-022b58e elementor-section-boxed elementor-section-height-default elementor-section-height-default\" data-id=\"022b58e\" data-element_type=\"section\" data-e-type=\"section\">\n\t\t\t\t\t\t<div class=\"elementor-container elementor-column-gap-default\">\n\t\t\t\t\t<div class=\"elementor-column elementor-col-100 elementor-top-column elementor-element elementor-element-0f38ec6\" data-id=\"0f38ec6\" data-element_type=\"column\" data-e-type=\"column\">\n\t\t\t<div class=\"elementor-widget-wrap elementor-element-populated\">\n\t\t\t\t\t\t<div class=\"elementor-element elementor-element-0c706a0 elementor-arrows-position-outside elementor-widget elementor-widget-image-carousel\" data-id=\"0c706a0\" data-element_type=\"widget\" data-e-type=\"widget\" data-settings=\"{&quot;slides_to_show&quot;:&quot;2&quot;,&quot;slides_to_scroll&quot;:&quot;2&quot;,&quot;navigation&quot;:&quot;arrows&quot;,&quot;autoplay&quot;:&quot;yes&quot;,&quot;pause_on_hover&quot;:&quot;yes&quot;,&quot;pause_on_interaction&quot;:&quot;yes&quot;,&quot;autoplay_speed&quot;:5000,&quot;infinite&quot;:&quot;yes&quot;,&quot;speed&quot;:500,&quot;image_spacing_custom&quot;:{&quot;unit&quot;:&quot;px&quot;,&quot;size&quot;:20,&quot;sizes&quot;:[]},&quot;image_spacing_custom_tablet&quot;:{&quot;unit&quot;:&quot;px&quot;,&quot;size&quot;:&quot;&quot;,&quot;sizes&quot;:[]},&quot;image_spacing_custom_mobile&quot;:{&quot;unit&quot;:&quot;px&quot;,&quot;size&quot;:&quot;&quot;,&quot;sizes&quot;:[]}}\" data-widget_type=\"image-carousel.default\">\n\t\t\t\t<div class=\"elementor-widget-container\">\n\t\t\t\t\t\t\t<div class=\"elementor-image-carousel-wrapper swiper\" role=\"region\" aria-roledescription=\"carousel\" aria-label=\"Image Carousel\" dir=\"ltr\">\n\t\t\t<div class=\"elementor-image-carousel swiper-wrapper\" aria-live=\"off\">\n\t\t\t\t\t\t\t\t<div class=\"swiper-slide\" role=\"group\" aria-roledescription=\"slide\" aria-label=\"1 of 8\"><figure class=\"swiper-slide-inner\"><img decoding=\"async\" class=\"swiper-slide-image\" src=\"https:\/\/realcaliforniamilkfoodservice.com\/pizza-contest\/wp-content\/uploads\/Pizza-MP-112.jpg\" alt=\"Pizza Mp\" \/><\/figure><\/div><div class=\"swiper-slide\" role=\"group\" aria-roledescription=\"slide\" aria-label=\"2 of 8\"><figure class=\"swiper-slide-inner\"><img decoding=\"async\" class=\"swiper-slide-image\" src=\"https:\/\/realcaliforniamilkfoodservice.com\/pizza-contest\/wp-content\/uploads\/Pizza-MP-218.jpg\" alt=\"Pizza Mp\" \/><\/figure><\/div><div class=\"swiper-slide\" role=\"group\" aria-roledescription=\"slide\" aria-label=\"3 of 8\"><figure class=\"swiper-slide-inner\"><img decoding=\"async\" class=\"swiper-slide-image\" src=\"https:\/\/realcaliforniamilkfoodservice.com\/pizza-contest\/wp-content\/uploads\/Pizza-MP-223.jpg\" alt=\"Pizza Mp\" \/><\/figure><\/div><div class=\"swiper-slide\" role=\"group\" aria-roledescription=\"slide\" aria-label=\"4 of 8\"><figure class=\"swiper-slide-inner\"><img decoding=\"async\" class=\"swiper-slide-image\" src=\"https:\/\/realcaliforniamilkfoodservice.com\/pizza-contest\/wp-content\/uploads\/Pizza-MP-237.jpg\" alt=\"Pizza Mp\" \/><\/figure><\/div><div class=\"swiper-slide\" role=\"group\" aria-roledescription=\"slide\" aria-label=\"5 of 8\"><figure class=\"swiper-slide-inner\"><img decoding=\"async\" class=\"swiper-slide-image\" src=\"https:\/\/realcaliforniamilkfoodservice.com\/pizza-contest\/wp-content\/uploads\/Pizza-MP-241.jpg\" alt=\"Pizza Mp\" \/><\/figure><\/div><div class=\"swiper-slide\" role=\"group\" aria-roledescription=\"slide\" aria-label=\"6 of 8\"><figure class=\"swiper-slide-inner\"><img decoding=\"async\" class=\"swiper-slide-image\" src=\"https:\/\/realcaliforniamilkfoodservice.com\/pizza-contest\/wp-content\/uploads\/Pizza-NV-37.jpg\" alt=\"Pizza Nv\" \/><\/figure><\/div><div class=\"swiper-slide\" role=\"group\" aria-roledescription=\"slide\" aria-label=\"7 of 8\"><figure class=\"swiper-slide-inner\"><img decoding=\"async\" class=\"swiper-slide-image\" src=\"https:\/\/realcaliforniamilkfoodservice.com\/pizza-contest\/wp-content\/uploads\/Pizza-NV-4.jpg\" alt=\"Pizza Nv\" \/><\/figure><\/div><div class=\"swiper-slide\" role=\"group\" aria-roledescription=\"slide\" aria-label=\"8 of 8\"><figure class=\"swiper-slide-inner\"><img decoding=\"async\" class=\"swiper-slide-image\" src=\"https:\/\/realcaliforniamilkfoodservice.com\/pizza-contest\/wp-content\/uploads\/Pizza-NV-58.jpg\" alt=\"Pizza Nv\" \/><\/figure><\/div>\t\t\t<\/div>\n\t\t\t\t\t\t\t\t\t\t\t\t<div class=\"elementor-swiper-button elementor-swiper-button-prev\" role=\"button\" tabindex=\"0\">\n\t\t\t\t\t\t<svg aria-hidden=\"true\" class=\"e-font-icon-svg e-eicon-chevron-left\" viewBox=\"0 0 1000 1000\" xmlns=\"http:\/\/www.w3.org\/2000\/svg\"><path d=\"M646 125C629 125 613 133 604 142L308 442C296 454 292 471 292 487 292 504 296 521 308 533L604 854C617 867 629 875 646 875 663 875 679 871 692 858 704 846 713 829 713 812 713 796 708 779 692 767L438 487 692 225C700 217 708 204 708 187 708 171 704 154 692 142 675 129 663 125 646 125Z\"><\/path><\/svg>\t\t\t\t\t<\/div>\n\t\t\t\t\t<div class=\"elementor-swiper-button elementor-swiper-button-next\" role=\"button\" tabindex=\"0\">\n\t\t\t\t\t\t<svg aria-hidden=\"true\" class=\"e-font-icon-svg e-eicon-chevron-right\" viewBox=\"0 0 1000 1000\" xmlns=\"http:\/\/www.w3.org\/2000\/svg\"><path d=\"M696 533C708 521 713 504 713 487 713 471 708 454 696 446L400 146C388 133 375 125 354 125 338 125 325 129 313 142 300 154 292 171 292 187 292 204 296 221 308 233L563 492 304 771C292 783 288 800 288 817 288 833 296 850 308 863 321 871 338 875 354 875 371 875 388 867 400 854L696 533Z\"><\/path><\/svg>\t\t\t\t\t<\/div>\n\t\t\t\t\n\t\t\t\t\t\t\t\t\t<\/div>\n\t\t\t\t\t\t<\/div>\n\t\t\t\t<\/div>\n\t\t\t\t\t<\/div>\n\t\t<\/div>\n\t\t\t\t\t<\/div>\n\t\t<\/section>\n\t\t\t\t<section class=\"elementor-section elementor-top-section elementor-element elementor-element-9a0151d elementor-section-height-min-height elementor-section-items-top elementor-section-content-top elementor-section-stretched elementor-section-boxed elementor-section-height-default\" data-id=\"9a0151d\" data-element_type=\"section\" data-e-type=\"section\" data-settings=\"{&quot;stretch_section&quot;:&quot;section-stretched&quot;}\">\n\t\t\t\t\t\t<div class=\"elementor-container elementor-column-gap-default\">\n\t\t\t\t\t<div class=\"elementor-column elementor-col-100 elementor-top-column elementor-element elementor-element-ee8b681\" data-id=\"ee8b681\" data-element_type=\"column\" data-e-type=\"column\">\n\t\t\t<div class=\"elementor-widget-wrap elementor-element-populated\">\n\t\t\t\t\t\t<div class=\"elementor-element elementor-element-ccae897 elementor-widget elementor-widget-text-editor\" data-id=\"ccae897\" data-element_type=\"widget\" data-e-type=\"widget\" data-widget_type=\"text-editor.default\">\n\t\t\t\t<div class=\"elementor-widget-container\">\n\t\t\t\t\t\t\t\t\t<h2 style=\"text-align: center;\"><strong><em>CHEF BILL CRAWFORD WINS GRAND PRIZE FOR INNOVATIVE USE OF REAL CALIFORNIA CHEESES IN 5TH ANNUAL REAL CALIFORNIA PIZZA CONTEST<\/em><\/strong><\/h2><p><em>El Pollo Borracho Brings Home $5,000 Cal-Mex Prize; $10,000 Grand Prize in <br \/>Real California Milk\u2019s Pizza Bake-off Event<\/em><\/p><p><strong>\u00a0<\/strong>Napa, Calif. (August 2, 2023) \u2013 Following a live bake-off competition where 12 professional chefs crafted innovative pizzas highlighting California cow\u2019s milk cheeses, the California Milk Advisory Board (CMAB) today crowned three new pizza champions in the 2023 Real California Pizza Contest, the premiere national search for the best pizza recipes that feature Real California Cheeses.<\/p><p>The Grand Prize winner, Bill Crawford, is the owner of Righteous Slice in Rexburg, Idaho. Crawford grabbed the contest\u2019s top prize for his <em>El Pollo Borracho<\/em> recipe in the Cal-Mex pizza category. Crawford received $5,000 as category winner, plus $10,000 for the Grand Prize distinction, for a total of $15,000.<\/p><p><em>El Pollo Borracho<\/em> packs a punch of fresh, zesty flavor by marrying tequila-lime chicken, elote corn, jalape\u00f1o peppers, and Tajin seasoning with Real California Oaxaca and Queso Fresco cheeses, and creamy California cr\u00e8me fra\u00eeche.<\/p><p>The Plant-Forward category winner was Giovanni Labbate, the owner of Tievoli Pizza Bar in Palatine, Ill. Labbate took home the $5,000 prize for his <em>Sunset in Sonoma<\/em> recipe, which is a colorful ode to Northern California\u2019s wine country and features a garlic confit cream sauce, sharp California Cheddar, purple potato slices, caramelized onions and mushrooms. It is topped with pesto-whipped Real California Ricotta and Parmesan cheeses.<\/p><p>In the Real Californian category, Vincent Sbarro, owner of Vinnie\u2019s Pizzeria &amp; Forno di Sbarro in Concord, Calif., received $5,000 for his <em>Cali King<\/em> pizza, which pairs four unique Real California cheeses with tender eggplant, fire-roasted red bell peppers, and sliced Castelvetrano olives to tastefully showcase the best of California dairy and produce in each savory bite.<\/p><p>\u00a0<\/p><p>The nine other chef competitors each received $500 for reaching the bake-off competition finals.<\/p><p>&#8220;This year\u2019s pizza contest showcased the use of California dairy at its finest,\u201d said Mike Gallagher, Business and Market Development Consultant for the CMAB. &#8220;The judges were impressed by the variety of California cheeses and how chefs used them to elevate their recipes, such as a pesto-whipped Ricotta featured in one of the winning pizzas<em>.<\/em> There was a clear recognition by our finalists of the quality these products bring to the table.\u201d<\/p><p>The 5<sup>th<\/sup> Real California Pizza Contest, held at The Culinary Institute of America (CIA) at Copia in Napa, Calif., was open to professional chefs and culinary students across the United States.<\/p><p>A record number of participants entered the 2023 contest, which led to the most competitive finalist selection in event history.<\/p><p>The competition was judged by a renowned panel of judges including 13-time World Pizza Champion and owner of 22 culinary concepts, Tony Gemignani; certified pizzaiolo and award-winning executive chef Glenn Cybulski; and professional chef and 2022 Real California Pizza Contest Grand Prize Winner David Jacobson. Judges based scores on a range of factors including taste, texture and the inventive use of cheeses made with Real California Milk.<\/p><p>\u201cAs the country\u2019s number one producer of milk and Mozzarella, a big percentage of our dairy products go into pizza,\u201d said John Talbot, CEO of the CMAB. \u201cA healthy pizza industry is important to our California dairy industry. Maintaining our standing as a national leader in the pizza category is essential to our business.\u201d<\/p><p>The 2023 Real California Pizza Contest finalists and winners:<\/p><p><u>Cal-Mex<\/u><\/p><ul><li>GRAND PRIZE AND CATEGORY WINNER: Bill Crawford, Righteous Slice, Rexburg, Idaho<\/li><li>Ahmad Butler, Miller Butler, San Pedro, Calif.<\/li><li>Chris Decker, Truly Pizza, Dana Point, Calif.<\/li><li>Marcus Medina, Hella Pie Pizza, Tracy, Calif.<\/li><\/ul><p><u>Plant-Forward<\/u><\/p><ul><li>CATEGORY WINNER: Giovanni Labbate, Tievoli Pizza Bar, Palatine, Ill.<\/li><li>Audrey Kelly, Audrey Jane\u2019s Pizza Garage, Boulder, Colo.<\/li><li>Jordan Lawson, La Fiamma Wood Fired Pizza, Bellingham, Wash.<\/li><li>Lars Smith, State of Mind Public House, Los Altos, Calif.<\/li><\/ul><p><u>The REAL Californian<\/u><\/p><ul><li>CATEGORY WINNER: Vincent Sbarro, Vinnie\u2019s Pizzeria &amp; Forno di Sbarro, Concord, Calif.<\/li><li>Charles Cullison, Charlie\u2019s Pizzeria, Kingman, Ariz.<\/li><li>Matt Hutchinson, Pizaro\u2019s Pizza, Houston, Texas<\/li><li>Peter Reinhart, Johnson &amp; Wales University, Charlotte, N.C.<\/li><\/ul><p>Details on the bake-off event, chef finalists and the CMAB are available on the <a href=\"https:\/\/realcaliforniamilkfoodservice.com\/pizza-contest\/\">Real California Pizza Contest website.<\/a> An online recipe book with all 12 final pizzas, as well as exclusive videos from the contest, will be released online in September.<\/p><p>California is a reliable, consistent source of sustainable dairy products used by chefs throughout the world. As the nation\u2019s largest dairy state, California boasts an impressive lineup of award-winning cheesemakers and dairy processors, that help drive dining innovation nationwide.<\/p><p># # #<\/p><p><strong>About Real California Milk\/the California Milk Advisory Board<\/strong><br \/>The California Milk Advisory Board (CMAB), an instrumentality of the California Department of Food and Agriculture, is funded by the state\u2019s dairy farm families who lead the nation in sustainable dairy farming practices. With a vision to nourish the world with the wholesome goodness of Real California Milk, the CMAB\u2019s programs focus on increasing demand for California\u2019s sustainable dairy products in the state, across the U.S. and around the world through advertising, public relations, research, and retail and foodservice promotional programs.<\/p><p>The Foodservice Division of the CMAB supports foodservice operators and distributors that use Real California dairy products.\u00a0The CMAB offers marketing and promotional support for foodservice operators that purchase dairy products with the Real California Milk seal, which means they are made with 100 percent milk from California\u2019s more than 1,100 family dairy farms, using some of the most sustainable dairy practices in the nation.<\/p><p>For more information on sourcing cheese from California, contact the foodservice team at &#50;&#48;&#x39;.&#56;&#x38;&#51;.&#54;&#52;&#53;&#x35; (MILK), <a href=\"about:blank\">businessdevelopment@cmab.net<\/a> or <a href=\"about:blank\">RealCaliforniaMilk.com\/Foodservice<\/a>, <a href=\"about:blank\">LinkedIn<\/a>, <a href=\"about:blank\">Facebook<\/a>, <a href=\"about:blank\">Instagram<\/a> and <a href=\"about:blank\">YouTube<\/a>.<\/p><p># # #<\/p><p>\u00a0<\/p>\t\t\t\t\t\t\t\t<\/div>\n\t\t\t\t<\/div>\n\t\t\t\t\t<\/div>\n\t\t<\/div>\n\t\t\t\t\t<\/div>\n\t\t<\/section>\n\t\t\t\t<\/div>\n\t\t","protected":false},"excerpt":{"rendered":"<p>CHEF BILL CRAWFORD WINS GRAND PRIZE FOR INNOVATIVE USE OF REAL CALIFORNIA CHEESES IN 5TH ANNUAL REAL CALIFORNIA PIZZA CONTEST 2023 Winning Recipes Cal-Mex and Grand Prize Winner Pizza Name: El Pollo Borracho Chef: Bill Crawford CLICK HERE FOR RECIPE Plant-Forward Pizza Name: Sunset in Sonoma Chef: Giovanni Labbate CLICK HERE FOR RECIPE The Real [&hellip;]<\/p>\n","protected":false},"author":3,"featured_media":0,"parent":0,"menu_order":0,"comment_status":"closed","ping_status":"closed","template":"","meta":{"footnotes":""},"class_list":["post-5882","page","type-page","status-publish","hentry"],"_links":{"self":[{"href":"https:\/\/realcaliforniamilkfoodservice.com\/pizza-contest\/wp-json\/wp\/v2\/pages\/5882","targetHints":{"allow":["GET"]}}],"collection":[{"href":"https:\/\/realcaliforniamilkfoodservice.com\/pizza-contest\/wp-json\/wp\/v2\/pages"}],"about":[{"href":"https:\/\/realcaliforniamilkfoodservice.com\/pizza-contest\/wp-json\/wp\/v2\/types\/page"}],"author":[{"embeddable":true,"href":"https:\/\/realcaliforniamilkfoodservice.com\/pizza-contest\/wp-json\/wp\/v2\/users\/3"}],"replies":[{"embeddable":true,"href":"https:\/\/realcaliforniamilkfoodservice.com\/pizza-contest\/wp-json\/wp\/v2\/comments?post=5882"}],"version-history":[{"count":0,"href":"https:\/\/realcaliforniamilkfoodservice.com\/pizza-contest\/wp-json\/wp\/v2\/pages\/5882\/revisions"}],"wp:attachment":[{"href":"https:\/\/realcaliforniamilkfoodservice.com\/pizza-contest\/wp-json\/wp\/v2\/media?parent=5882"}],"curies":[{"name":"wp","href":"https:\/\/api.w.org\/{rel}","templated":true}]}}